is the hundreds digit of 63376?
3
What is the units digit of 115346?
6
What is the ten thousands digit of 46756?
4
What is the units digit of 4021?
1
What is the tens digit of 58932?
3
What is the units digit of 6349?
9
What is the units digit of 1455?
5
What is the hundreds digit of 1117?
1
What is the tens digit of 1312?
1
What is the hundreds digit of 107246?
2
What is the hundreds digit of 381?
3
What is the units digit of 35981?
1
What is the units digit of 107639?
9
What is the thousands digit of 3273?
3
What is the hundreds digit of 47182?
1
What is the ten thousands digit of 17746?
1
What is the units digit of 78?
8
What is the tens digit of 11923?
2
What is the hundreds digit of 6640?
6
What is the tens digit of 37978?
7
What is the thousands digit of 90663?
0
What is the tens digit of 2041?
4
What is the tens digit of 1033?
3
What is the units digit of 7135?
5
What is the hundreds digit of 392?
3
What is the tens digit of 1894?
9
What is the hundreds digit of 27828?
8
What is the tens digit of 5583?
8
What is the ten thousands digit of 32553?
3
What is the tens digit of 2142?
4
What is the units digit of 83?
3
What is the thousands digit of 19033?
9
What is the tens digit of 29751?
5
What is the units digit of 4347?
7
What is the tens digit of 774?
7
What is the tens digit of 1948?
4
What is the tens digit of 2472?
7
What is the units digit of 2838?
8
What is the units digit of 4433?
3
What is the tens digit of 100947?
4
What is the tens digit of 1664?
6
What is the thousands digit of 3563?
3
What is the tens digit of 103?
0
What is the ten thousands digit of 18154?
1
What is the units digit of 4231?
1
What is the tens digit of 165450?
5
What is the units digit of 6889?
9
What is the thousands digit of 12894?
2
What is the thousands digit of 16472?
6
What is the hundreds digit of 6788?
7
What is the hundreds digit of 549?
5
What is the units digit of 3275?
5
What is the hundreds digit of 40799?
7
What is the tens digit of 1397?
9
What is the hundreds digit of 1267?
2
What is the units digit of 9705?
5
What is the thousands digit of 30572?
0
What is the tens digit of 847?
4
What is the thousands digit of 52210?
2
What is the hundreds digit of 17409?
4
What is the hundreds digit of 600?
6
What is the tens digit of 2513?
1
What is the thousands digit of 19172?
9
What is the hundreds digit of 45371?
3
What is the ten thousands digit of 66783?
6
What is the tens digit of 104090?
9
What is the units digit of 67626?
6
What is the thousands digit of 1757?
1
What is the units digit of 1872?
2
What is the thousands digit of 22285?
2
What is the hundreds digit of 1226?
2
What is the hundreds digit of 5253?
2
What is the units digit of 1863?
3
What is the hundreds digit of 55812?
8
What is the ten thousands digit of 44285?
4
What is the hundreds digit of 626?
6
What is the hundreds digit of 864?
8
What is the ten thousands digit of 13454?
1
What is the hundreds digit of 5116?
1
What is the thousands digit of 4339?
4
What is the tens digit of 3677?
7
What is the thousands digit of 5256?
5
What is the units digit of 33837?
7
What is the units digit of 1426?
6
What is the tens digit of 5954?
5
What is the ten thousands digit of 83619?
8
What is the units digit of 1564?
4
What is the thousands digit of 5837?
5
What is the thousands digit of 3442?
3
What is the hundreds digit of 322?
3
What is the units digit of 6558?
8
What is the units digit of 26308?
8
What is the units digit of 1990?
0
What is the hundreds digit of 1929?
9
What is the units digit of 2766?
6
What is the hundreds digit of 2289?
2
What is the units digit of 1823?
3
What is the units digit of 781?
1
What is the thousands digit of 3487?
3
What is the units digit of 5022?
2
What is the hundred thousands digit of 184867?
1
What is the units digit of 894?
4
What is the thousands digit of 1247?
1
What is the hundreds digit of 1323?
3
What is the thousands digit of 4281?
4
What is the hundreds digit of 9980?
9
What is the hundreds digit of 321?
3
What is the thousands digit of 3876?
3
What is the thousands digit of 68026?
8
What is the thousands digit of 1676?
1
What is the thousands digit of 4713?
4
What is the thousands digit of 3219?
3
What is the thousands digit of 16943?
6
What is the tens digit of 548?
4
What is the units digit of 261?
1
What is the hundreds digit of 4842?
8
What is the tens digit of 6467?
6
What is the ten thousands digit of 56046?
5
What is the tens digit of 999?
9
What is the thousands digit of 127006?
7
What is the tens digit of 44337?
3
What is the hundreds digit of 824?
8
What is the hundreds digit of 3239?
2
What is the thousands digit of 26310?
6
What is the hundreds digit of 2768?
7
What is the thousands digit of 46299?
6
What is the units digit of 865?
5
What is the thousands digit of 27780?
7
What is the thousands digit of 1779?
1
What is the units digit of 1905?
5
What is the hundreds digit of 2641?
6
What is the hundreds digit of 28579?
5
What is the units digit of 10684?
4
What is the hundreds digit of 1086?
0
What is the thousands digit of 11103?
1
What is the tens digit of 413?
1
What is the thousands digit of 22453?
2
What is the hundreds digit of 752?
7
What is the units digit of 3531?
1
What is the units digit of 23662?
2
What is the ten thousands digit of 11430?
1
What is the hundreds digit of 4798?
7
What is the thousands digit of 45691?
5
What is the thousands digit of 5865?
5
What is the hundreds digit of 1254?
2
What is the hundreds digit of 5225?
2
What is the hundreds digit of 1993?
9
What is the thousands digit of 3076?
3
What is the ten thousands digit of 13217?
1
What is the tens digit of 104?
0
What is the tens digit of 48233?
3
What is the units digit of 3261?
1
What is the thousands digit of 9236?
9
What is the units digit of 1666?
6
What is the hundreds digit of 2578?
5
What is the units digit of 2544?
4
What is the units digit of 7313?
3
What is the hundreds digit of 28512?
5
What is the thousands digit of 11540?
1
What is the tens digit of 25171?
7
What is the thousands digit of 7924?
7
What is the units digit of 2406?
6
What is the thousands digit of 22114?
2
What is the thousands digit of 13351?
3
What is the units digit of 36296?
6
What is the thousands digit of 4421?
4
What is the tens digit of 4212?
1
What is the units digit of 11313?
3
What is the units digit of 22?
2
What is the tens digit of 1859?
5
What is the tens digit of 6225?
2
What is the ten thousands digit of 46742?
4
What is the ten thousands digit of 27792?
2
What is the hundreds digit of 2299?
2
What is the tens digit of 99889?
8
What is the tens digit of 5651?
5
What is the thousands digit of 139447?
9
What is the ten thousands digit of 125296?
2
What is the thousands digit of 40668?
0
What is the hundreds digit of 9725?
7
What is the tens digit of 131?
3
What is the tens digit of 26511?
1
What is the tens digit of 1402?
0
What is the hundreds digit of 15708?
7
What is the hundred thousands digit of 103299?
1
What is the units digit of 593?
3
What is the tens digit of 162?
6
What is the tens digit of 4123?
2
What is the units digit of 18177?
7
What is the units digit of 4331?
1
What is the hundreds digit of 1416?
4
What is the tens digit of 30697?
9
What is the thousands digit of 1266?
1
What is the hundreds digit of 14896?
8
What is the units digit of 25643?
3
What is the units digit of 20?
0
What is the thousands digit of 2123?
2
What is the tens digit of 36146?
4
What is the thousands digit of 6266?
6
What is the tens digit of 84?
8
What is the units digit of 4431?
1
What is the units digit of 80891?
1
What is the tens digit of 483?
8
What is the thousands digit of 7584?
7
What is the tens digit of 3676?
7
What is the units digit of 1438?
8
What is the ten thousands digit of 11254?
1
What is the tens digit of 19887?
8
What is the hundreds digit of 14826?
8
What is the tens digit of 2061?
6
What is the tens digit of 5224?
2
What is the hundreds digit of 146708?
7
What is the thousands digit of 68626?
8
What is the hundreds digit of 91839?
8
What is the hundreds digit of 581?
5
What is the hundreds digit of 730?
7
What is the thousands digit of 1511?
1
What is the units digit of 14722?
2
What is the units digit of 1968?
8
What is the thousands digit of 3417